a18
What is -10663330 (base 7) in base 15?
-1387ad
Convert 461a9a (base 14) to base 16.
246ac8
Convert 8575334 (base 9) to base 3.
22122112101011
Convert -5c0133 (base 13) to base 14.
-413768
Convert -624693 (base 13) to base 11.
-1328134
1c764 (base 16) to base 6
2255420
Convert 1d496 (base 16) to base 2.
11101010010010110
51110 (base 6) to base 16
1a52
7151117 (base 10) to base 9
14408435
Convert 8a760 (base 12) to base 3.
100100202000
Convert 10011010000101010110010 (base 2) to base 16.
4d0ab2
Convert 4ecbc (base 16) to base 6.
10530112
2240013 (base 5) to base 2
1001110001001000
-24331214 (base 6) to base 16
-bcf7a
20221121220012 (base 3) to base 6
211053222
What is 23645374 (base 8) in base 4?
103310223330
Convert -48603 (base 11) to base 14.
-1b6bb
What is -476876 (base 9) in base 15?
-5a179
Convert 10310043 (base 5) to base 11.
60255
c0ea (base 16) to base 12
246b6
-210110120221 (base 3) to base 15
-852d1
5811210 (base 9) to base 8
13757042
What is -220492 (base 13) in base 9?
-1450067
Convert -12310255 (base 6) to base 10.
-397979
What is -311233103 (base 4) in base 6?
-4415015
What is -581e7 (base 15) in base 7?
-2245660
Convert -192278 (base 10) to base 5.
-22123103
Convert -475054 (base 8) to base 6.
-3251340
31261261 (base 7) to base 16
283bee
Convert 2222030123 (base 4) to base 6.
22535215
What is 23a7919 (base 11) in base 4?
33331101013
Convert 363640 (base 10) to base 3.
200110211011
What is 3321062 (base 7) in base 2?
1100011101111101101
Convert -334211123 (base 5) to base 11.
-918866
176472 (base 9) to base 6
2204015
-7b919 (base 12) to base 8
-503145
7865686 (base 9) to base 11
2433679
-1001101001110101000 (base 2) to base 7
-2455145
-620340 (base 7) to base 3
-12101011020
What is -89ca (base 16) in base 5?
-2112044
Convert -3325451 (base 7) to base 5.
-101110432
35536465 (base 7) to base 11
1863500
Convert -60220314 (base 8) to base 9.
-25730830
325117 (base 8) to base 9
175631
-755092 (base 12) to base 13
-4cbcbc
-364375 (base 11) to base 13
-1726aa
-101213331011 (base 4) to base 14
-8839d3
-a9b7c8 (base 15) to base 6
-445205355
What is 40857 (base 12) in base 4?
110203003
2165168 (base 9) to base 6
40545525
-12b2a74 (base 13) to base 8
-26357321
1111111110101100110101 (base 2) to base 16
3feb35
-552867 (base 9) to base 5
-41031332
56659 (base 10) to base 5
3303114
Convert 83e7e (base 15) to base 7.
3361544
What is -10001033 (base 7) in base 16?
-c9266
What is -2522142 (base 7) in base 12?
-138030
Convert 60596 (base 12) to base 11.
86114
What is 1a2a59 (base 11) in base 10?
311397
What is 1367376 (base 8) in base 9?
652368
What is -5421045 (base 9) in base 2?
-1011000101110010011101
Convert 4222333 (base 6) to base 13.
725c7
Convert 7be9 (base 16) to base 9.
47455
-548d6 (base 16) to base 4
-1110203112
-1000011111100000001101 (base 2) to base 10
-2226189
What is 10b424 (base 12) in base 4?
1001202130
Convert 25013455 (base 6) to base 12.
32428b
-128a3 (base 11) to base 5
-1042014
What is -4726142 (base 9) in base 8?
-11601462
12200222121 (base 3) to base 6
2223411
Convert -11102001012 (base 3) to base 12.
-4227b
Convert 200788 (base 12) to base 14.
cdaac
110621b (base 13) to base 14
999406
What is 1599b2b (base 13) in base 8?
32435510
Convert -1360fa (base 16) to base 4.
-10312003322
Convert 2200111120220 (base 3) to base 6.
50330510
What is 472446 (base 8) in base 2?
100111010100100110
Convert -117748 (base 10) to base 7.
-1000201
Convert 118958 (base 10) to base 9.
201155
Convert -6012001 (base 8) to base 10.
-1577985
Convert 58648 (base 14) to base 15.
43bb7
-650243 (base 7) to base 16
-1b950
What is 3b0712 (base 13) in base 16?
15cf00
Convert 1232130102 (base 4) to base 6.
13410150
Convert 31201020 (base 4) to base 2.
1101100001001000
-90572 (base 12) to base 14
-4c43c
-10101100000010011 (base 2) to base 10
-88083
Convert -c30a7 (base 16) to base 4.
-3003002213
-1cbad (base 14) to base 6
-1324553
What is 634002 (base 7) in base 4?
122231223
What is -1301123233 (base 4) in base 10?
-464623
What is -14c628 (base 15) in base 12?
-404a6b
-10000101001111000001 (base 2) to base 7
-4432022
Convert 4f4a2c (base 16) to base 3.
100210000000202
-438694 (base 10) to base 7
-3504664
What is 1544124 (base 7) in base 8?
637367
What is 12c61c (base 14) in base 13?
1993c8
What is 42a67 (base 15) in base 9?
352227
What is -1151675 (base 12) in base 3?
-20021202020022
What is -162401 (base 7) in base 2?
-111110101100000
What is -a0bb52 (base 12) in base 7?
-30216536
4240202 (base 9) to base 8
10522076
Convert -256b8 (base 13) to base 2.
-10000111010011000
Convert -3300310121 (base 4) to base 10.
-986393
-35404 (base 11) to base 14
-14878
What is -23030230332 (base 4) in base 13?
-7ba266
-1102ba (base 13) to base 6
-12325241
Convert -23462 (base 12) to base 13.
-186bc
What is 100010101111111 (base 2) in base 15?
5411
Convert -100001000101101011101 (base 2) to base 4.
-10020231131
-116511625 (base 7) to base 11
-4191780
Convert 3353433 (base 6) to base 16.
29a5d
332301302 (base 4) to base 11
166212
Convert 125e35 (base 15) to base 9.
1582075
Convert -59d52 (base 15) to base 12.
-119972
220022122021 (base 3) to base 8
1646742
Convert -10111011011000111 (base 2) to base 11.
-660a1
Convert 433351 (base 7) to base 15.
1762d
-eb6b (base 15) to base 7
-265160
Convert 968a15 (base 12) to base 3.
11110212121222
What is -56a020 (base 12) in base 8?
-5222630
-21122101211212 (base 3) to base 16
-3dfd8d
310104 (base 11) to base 3
221022000110
What is 40565 (base 9) in base 7?
140603
Convert 76907 (base 10) to base 3.
10220111102
11010111100001101000 (base 2) to base 5
211222132
Convert 143613 (base 13) to base 16.
78666
452623 (base 7) to base 6
1415234
What is 170744 (base 12) in base 14?
a3d76
Convert 3cd7 (base 16) to base 4.
3303113
What is -61560 (base 7) in base 6?
-153340
What is 1652622 (base 8) in base 15?
9763d
What is -12231343 (base 5) in base 11?
-804a1
Convert 1521874 (base 11) to base 6.
131524142
Convert -1077602 (base 8) to base 11.
-191528
What is -30567511 (base 8) in base 4?
-120232331021
Convert 116651 (base 7) to base 6.
243552
What is -6d8578 (base 16) in base 8?
-33302570
Convert -645533 (base 7) to base 3.
-12201020002
482851 (base 12) to base 5
244302020
Convert 3234404302 (base 5) to base 13.
159488a
Convert -5245547 (base 10) to base 7.
-62405066
Convert -3332302130 (base 4) to base 6.
-34211312
-31444451 (base 6) to base 4
-3201202033
What is -89dcd6 (base 14) in base 13?
-c81209
-112122222022 (base 3) to base 16
-46799
Convert 1204564 (base 7) to base 2.
100101010101011110
aa0b7 (base 16) to base 5
134242003
What is -34213040 (base 6) in base 7?
-11605410
What is 101001101110000110 (base 2) in base 12?
82a86
Convert 22120201211 (base 3) to base 4.
221033212
860b8 (base 12) to base 2
101011000100001100
Convert 20312133313 (base 4) to base 5.
1043223000
What is -3617 (base 11) in base 8?
-11201
What is 23f5ad (base 16) in base 13?
646890
What is -11003020 (base 6) in base 12?
-139470
What is b6813 (base 13) in base 2?
1010000010000010001
Convert -10001110000011010100101 (base 2) to base 9.
-8674112
Convert 61425 (base 13) to base 9.
285043
Convert 11442320 (base 5) to base 15.
224c5
What is -526231 (base 7) in base 8?
-261607
What is 2215205 (base 8) in base 10?
596613
What is 52243 (base 6) in base 12?
4083
101020210020001 (base 3) to base 7
64210216
Convert -256114364 (base 7) to base 5.
-13142431414
Convert -145999a (base 11) to base 4.
-21202320003
53a05a9 (base 11) to base 12
3216964
What is -1009480 (base 13) in base 10?
-4847362
Convert 51420341 (base 6) to base 10.
1480165
-a3b94 (base 13) to base 15
-5c271
-1a574 (base 11) to base 15
-8742
-79e9b (base 15) to base 13
-107819
Convert -4274a1 (base 11) to base 3.
-1021201110001
What is 11333101301 (base 4) in base 10?
1569905
What is -86651 (base 13) in base 3?
-110022222202
-11613717 (base 8) to base 5
-1123440444
What is -1a8fa4 (base 16) in base 3?
-10021102210200
-900a53 (base 11) to base 5
-332410402
-27530 (base 8) to base 2
-10111101011000
232301111 (base 4) to base 6
4034525
What is -130222323 (base 4) in base 10?
-117435
Convert -11111000000001010000010 (base 2) to base 11.
-4651019
Convert -20412332 (base 5) to base 12.
-82271
Convert -3d462 (base 15) 